{"id":97,"date":"2017-10-25T23:30:33","date_gmt":"2017-10-25T21:30:33","guid":{"rendered":"http:\/\/lepouldu.bzh\/?page_id=97"},"modified":"2026-02-01T15:43:10","modified_gmt":"2026-02-01T14:43:10","slug":"activites-sportives","status":"publish","type":"page","link":"https:\/\/lepouldu.bzh\/index.php\/activites-sportives\/","title":{"rendered":"A faire"},"content":{"rendered":"<h5><em><span style=\"color: #ff0000;\">A proximit\u00e9 -10km<\/span><\/em><\/h5>\n<p><a href=\"http:\/\/www.passion-mer-doelan.com\" target=\"_blank\" rel=\"noopener\">Base nautique Clohars Carnoet<\/a><\/p>\n<p><a href=\"http:\/\/www.laita-location.com\/\" target=\"_blank\" rel=\"noopener\">Locations de cano\u00eb, kayak, v\u00e9lo, surf, bateau, catamaran, hobie cat \u00e0 Guidel Plage<\/a><\/p>\n<p><a href=\"http:\/\/www.passion-mer-doelan.com\" target=\"_blank\" rel=\"noopener\">Base nautique Clohars Carnoet<\/a><\/p>\n<p><a href=\"http:\/\/harasdecotonard.skyrock.com\" target=\"_blank\" rel=\"noopener\">Equitation haras de cotonard Clohars Carnoet<\/a><\/p>\n<p><a href=\"http:\/\/www.john-clipperton.fr\/\" target=\"_blank\" rel=\"noopener\">Centre de plong\u00e9e Mo\u00eblan sur Mer<\/a><\/p>\n<p><a href=\"https:\/\/laita-location.com\/\" target=\"_blank\" rel=\"noopener\">Cano\u00e9-kayak sur l&rsquo;Ell\u00e9, la La\u00eeta et en mer<\/a><\/p>\n<p><a href=\"https:\/\/www.clohars-carnoet.fr\/sports-nautisme\/equipements-sportifs-clohars\/\">Les \u00e9quipements sportifs de Clohars-Carnoet<\/a><\/p>\n<p><img loading=\"lazy\" decoding=\"async\" class=\"alignnone size-full wp-image-162\" src=\"http:\/\/lepouldu.bzh\/wp-content\/uploads\/2017\/10\/IMG_2923.jpg\" alt=\"\" width=\"4752\" height=\"3168\" srcset=\"https:\/\/lepouldu.bzh\/wp-content\/uploads\/2017\/10\/IMG_2923.jpg 4752w, https:\/\/lepouldu.bzh\/wp-content\/uploads\/2017\/10\/IMG_2923-300x200.jpg 300w, https:\/\/lepouldu.bzh\/wp-content\/uploads\/2017\/10\/IMG_2923-768x512.jpg 768w\" sizes=\"auto, (max-width: 767px) 89vw, (max-width: 1000px) 54vw, (max-width: 1071px) 543px, 580px\" \/><\/p>\n<p><img loading=\"lazy\" decoding=\"async\" class=\"alignnone size-full wp-image-58\" src=\"http:\/\/lepouldu.bzh\/wp-content\/uploads\/2017\/10\/IMG_5309-promenade-en-kano\u00e9.jpg\" alt=\"\" width=\"4752\" height=\"3168\" srcset=\"https:\/\/lepouldu.bzh\/wp-content\/uploads\/2017\/10\/IMG_5309-promenade-en-kano\u00e9.jpg 4752w, https:\/\/lepouldu.bzh\/wp-content\/uploads\/2017\/10\/IMG_5309-promenade-en-kano\u00e9-300x200.jpg 300w, https:\/\/lepouldu.bzh\/wp-content\/uploads\/2017\/10\/IMG_5309-promenade-en-kano\u00e9-768x512.jpg 768w, https:\/\/lepouldu.bzh\/wp-content\/uploads\/2017\/10\/IMG_5309-promenade-en-kano\u00e9-1024x683.jpg 1024w\" sizes=\"auto, (max-width: 767px) 89vw, (max-width: 1000px) 54vw, (max-width: 1071px) 543px, 580px\" \/><\/p>\n<p><a href=\"http:\/\/www.laita-location.com\/\"><img loading=\"lazy\" decoding=\"async\" class=\"alignnone size-full wp-image-123\" src=\"http:\/\/lepouldu.bzh\/wp-content\/uploads\/2017\/10\/IMG_2929.jpg\" alt=\"\" width=\"4752\" height=\"3168\" srcset=\"https:\/\/lepouldu.bzh\/wp-content\/uploads\/2017\/10\/IMG_2929.jpg 4752w, https:\/\/lepouldu.bzh\/wp-content\/uploads\/2017\/10\/IMG_2929-300x200.jpg 300w, https:\/\/lepouldu.bzh\/wp-content\/uploads\/2017\/10\/IMG_2929-768x512.jpg 768w\" sizes=\"auto, (max-width: 767px) 89vw, (max-width: 1000px) 54vw, (max-width: 1071px) 543px, 580px\" \/><\/a><\/p>\n<p><a href=\"http:\/\/www.laita-croisieres.fr\/traverseedelalaita.html\"><img loading=\"lazy\" decoding=\"async\" class=\"alignnone size-full wp-image-57\" src=\"http:\/\/lepouldu.bzh\/wp-content\/uploads\/2017\/10\/IMG_5304-location-guidel.jpg\" alt=\"\" width=\"4752\" height=\"3168\" srcset=\"https:\/\/lepouldu.bzh\/wp-content\/uploads\/2017\/10\/IMG_5304-location-guidel.jpg 4752w, https:\/\/lepouldu.bzh\/wp-content\/uploads\/2017\/10\/IMG_5304-location-guidel-300x200.jpg 300w, https:\/\/lepouldu.bzh\/wp-content\/uploads\/2017\/10\/IMG_5304-location-guidel-768x512.jpg 768w, https:\/\/lepouldu.bzh\/wp-content\/uploads\/2017\/10\/IMG_5304-location-guidel-1024x683.jpg 1024w\" sizes=\"auto, (max-width: 767px) 89vw, (max-width: 1000px) 54vw, (max-width: 1071px) 543px, 580px\" \/><\/a><\/p>\n<p><strong><em><span style=\"color: #ff0000;\">ENTRE 10 et 100km<\/span><\/em><\/strong><\/p>\n<p><a href=\"https:\/\/www.tamm-kreiz.bzh\/agenda\">Agenda des Festnoz<\/a><\/p>\n<p><a href=\"https:\/\/vimeo.com\/68847618\" target=\"_blank\" rel=\"noopener\">Cano\u00e9-kayak sur l&rsquo;Ell\u00e9, la La\u00eeta et en mer<\/a><\/p>\n\n\n<p><\/p>\n","protected":false},"excerpt":{"rendered":"<p>A proximit\u00e9 -10km Base nautique Clohars Carnoet Locations de cano\u00eb, kayak, v\u00e9lo, surf, bateau, catamaran, hobie cat \u00e0 Guidel Plage Base nautique Clohars Carnoet Equitation haras de cotonard Clohars Carnoet Centre de plong\u00e9e Mo\u00eblan sur Mer Cano\u00e9-kayak sur l&rsquo;Ell\u00e9, la La\u00eeta et en mer Les \u00e9quipements sportifs de Clohars-Carnoet ENTRE 10 et 100km Agenda des &hellip; <\/p>\n<p class=\"link-more\"><a href=\"https:\/\/lepouldu.bzh\/index.php\/activites-sportives\/\" class=\"more-link\">Continuer la lecture<span class=\"screen-reader-text\"> de &laquo;&nbsp;A faire&nbsp;&raquo;<\/span><\/a><\/p>\n","protected":false},"author":2,"featured_media":0,"parent":0,"menu_order":0,"comment_status":"closed","ping_status":"closed","template":"","meta":{"footnotes":""},"class_list":["post-97","page","type-page","status-publish","hentry"],"_links":{"self":[{"href":"https:\/\/lepouldu.bzh\/index.php\/wp-json\/wp\/v2\/pages\/97","targetHints":{"allow":["GET"]}}],"collection":[{"href":"https:\/\/lepouldu.bzh\/index.php\/wp-json\/wp\/v2\/pages"}],"about":[{"href":"https:\/\/lepouldu.bzh\/index.php\/wp-json\/wp\/v2\/types\/page"}],"author":[{"embeddable":true,"href":"https:\/\/lepouldu.bzh\/index.php\/wp-json\/wp\/v2\/users\/2"}],"replies":[{"embeddable":true,"href":"https:\/\/lepouldu.bzh\/index.php\/wp-json\/wp\/v2\/comments?post=97"}],"version-history":[{"count":33,"href":"https:\/\/lepouldu.bzh\/index.php\/wp-json\/wp\/v2\/pages\/97\/revisions"}],"predecessor-version":[{"id":581,"href":"https:\/\/lepouldu.bzh\/index.php\/wp-json\/wp\/v2\/pages\/97\/revisions\/581"}],"wp:attachment":[{"href":"https:\/\/lepouldu.bzh\/index.php\/wp-json\/wp\/v2\/media?parent=97"}],"curies":[{"name":"wp","href":"https:\/\/api.w.org\/{rel}","templated":true}]}}